{"id":2328,"date":"2021-04-29T14:42:07","date_gmt":"2021-04-29T13:42:07","guid":{"rendered":"https:\/\/follainprod.wpengine.com\/?post_type=recipe&#038;p=2328"},"modified":"2021-06-30T14:55:21","modified_gmt":"2021-06-30T13:55:21","slug":"cheese-and-caramelised-red-onion-tart","status":"publish","type":"recipe","link":"https:\/\/www.follain.ie\/ga\/recipe\/cheese-and-caramelised-red-onion-tart\/","title":{"rendered":"Toirt\u00edn c\u00e1is agus Anlann Goinbhlasta Oinni\u00fan Dearg Caramal le Gearl\u00f3g Dubh Foll\u00e1in."},"featured_media":0,"parent":0,"template":"","food_types":[112,96],"products-used":[88],"class_list":["post-2328","recipe","type-recipe","status-publish","hentry","food-types-main","food-types-snack","products-used-relish"],"acf":[],"yoast_head":"<!-- This site is optimized with the Yoast SEO plugin v27.4 - https:\/\/yoast.com\/product\/yoast-seo-wordpress\/ -->\n<title>Toirt\u00edn c\u00e1is agus Anlann Goinbhlasta Oinni\u00fan Dearg Caramal le Gearl\u00f3g Dubh Foll\u00e1in. - Oideas | Foll\u00e1in Irish<\/title>\n<meta name=\"robots\" content=\"index, follow, max-snippet:-1, max-image-preview:large, max-video-preview:-1\" \/>\n<link rel=\"canonical\" href=\"https:\/\/www.follain.ie\/ga\/recipe\/cheese-and-caramelised-red-onion-tart\/\" \/>\n<meta property=\"og:locale\" content=\"en_GB\" \/>\n<meta property=\"og:type\" content=\"article\" \/>\n<meta property=\"og:title\" content=\"Toirt\u00edn c\u00e1is agus Anlann Goinbhlasta Oinni\u00fan Dearg Caramal le Gearl\u00f3g Dubh Foll\u00e1in. - Oideas | Foll\u00e1in Irish\" \/>\n<meta property=\"og:url\" content=\"https:\/\/www.follain.ie\/ga\/recipe\/cheese-and-caramelised-red-onion-tart\/\" \/>\n<meta property=\"og:site_name\" content=\"Foll\u00e1in Irish\" \/>\n<meta property=\"article:modified_time\" content=\"2021-06-30T13:55:21+00:00\" \/>\n<meta name=\"twitter:card\" content=\"summary_large_image\" \/>\n<!-- \/ Yoast SEO plugin. -->","yoast_head_json":{"title":"Toirt\u00edn c\u00e1is agus Anlann Goinbhlasta Oinni\u00fan Dearg Caramal le Gearl\u00f3g Dubh Foll\u00e1in. - Oideas | Foll\u00e1in Irish","robots":{"index":"index","follow":"follow","max-snippet":"max-snippet:-1","max-image-preview":"max-image-preview:large","max-video-preview":"max-video-preview:-1"},"canonical":"https:\/\/www.follain.ie\/ga\/recipe\/cheese-and-caramelised-red-onion-tart\/","og_locale":"en_GB","og_type":"article","og_title":"Toirt\u00edn c\u00e1is agus Anlann Goinbhlasta Oinni\u00fan Dearg Caramal le Gearl\u00f3g Dubh Foll\u00e1in. - Oideas | Foll\u00e1in Irish","og_url":"https:\/\/www.follain.ie\/ga\/recipe\/cheese-and-caramelised-red-onion-tart\/","og_site_name":"Foll\u00e1in Irish","article_modified_time":"2021-06-30T13:55:21+00:00","twitter_card":"summary_large_image","schema":{"@context":"https:\/\/schema.org","@graph":[{"@type":"WebPage","@id":"https:\/\/www.follain.ie\/ga\/recipe\/cheese-and-caramelised-red-onion-tart\/","url":"https:\/\/www.follain.ie\/ga\/recipe\/cheese-and-caramelised-red-onion-tart\/","name":"Toirt\u00edn c\u00e1is agus Anlann Goinbhlasta Oinni\u00fan Dearg Caramal le Gearl\u00f3g Dubh Foll\u00e1in. - Oideas | Foll\u00e1in Irish","isPartOf":{"@id":"https:\/\/www.follain.ie\/ga\/#website"},"datePublished":"2021-04-29T13:42:07+00:00","dateModified":"2021-06-30T13:55:21+00:00","breadcrumb":{"@id":"https:\/\/www.follain.ie\/ga\/recipe\/cheese-and-caramelised-red-onion-tart\/#breadcrumb"},"inLanguage":"en-GB","potentialAction":[{"@type":"ReadAction","target":["https:\/\/www.follain.ie\/ga\/recipe\/cheese-and-caramelised-red-onion-tart\/"]}]},{"@type":"BreadcrumbList","@id":"https:\/\/www.follain.ie\/ga\/recipe\/cheese-and-caramelised-red-onion-tart\/#breadcrumb","itemListElement":[{"@type":"ListItem","position":1,"name":"Baile","item":"https:\/\/www.follain.ie\/ga\/"},{"@type":"ListItem","position":2,"name":"Pr\u00edomch\u00farsa","item":"https:\/\/www.follain.ie\/ga\/food-type\/main\/"},{"@type":"ListItem","position":3,"name":"Toirt\u00edn c\u00e1is agus Anlann Goinbhlasta Oinni\u00fan Dearg Caramal le Gearl\u00f3g Dubh Foll\u00e1in."}]},{"@type":"WebSite","@id":"https:\/\/www.follain.ie\/ga\/#website","url":"https:\/\/www.follain.ie\/ga\/","name":"Foll\u00e1in Irish","description":"We love sharing our passion for good food and eating well through our dedication to making delicious preserves","potentialAction":[{"@type":"SearchAction","target":{"@type":"EntryPoint","urlTemplate":"https:\/\/www.follain.ie\/ga\/?s={search_term_string}"},"query-input":{"@type":"PropertyValueSpecification","valueRequired":true,"valueName":"search_term_string"}}],"inLanguage":"en-GB"}]}},"_links":{"self":[{"href":"https:\/\/www.follain.ie\/ga\/wp-json\/wp\/v2\/recipe\/2328","targetHints":{"allow":["GET"]}}],"collection":[{"href":"https:\/\/www.follain.ie\/ga\/wp-json\/wp\/v2\/recipe"}],"about":[{"href":"https:\/\/www.follain.ie\/ga\/wp-json\/wp\/v2\/types\/recipe"}],"version-history":[{"count":0,"href":"https:\/\/www.follain.ie\/ga\/wp-json\/wp\/v2\/recipe\/2328\/revisions"}],"wp:attachment":[{"href":"https:\/\/www.follain.ie\/ga\/wp-json\/wp\/v2\/media?parent=2328"}],"wp:term":[{"taxonomy":"food-types","embeddable":true,"href":"https:\/\/www.follain.ie\/ga\/wp-json\/wp\/v2\/food_types?post=2328"},{"taxonomy":"products-used","embeddable":true,"href":"https:\/\/www.follain.ie\/ga\/wp-json\/wp\/v2\/products-used?post=2328"}],"curies":[{"name":"wp","href":"https:\/\/api.w.org\/{rel}","templated":true}]}}

Toirtín cáis agus Anlann Goinbhlasta Oinniún Dearg Caramal le Gearlóg Dubh Folláin.

<!-- This site is optimized with the Yoast SEO plugin v27.4 - https://yoast.com/product/yoast-seo-wordpress/ -->
<title>Toirtín cáis agus Anlann Goinbhlasta Oinniún Dearg Caramal le Gearlóg Dubh Folláin. - Oideas | Folláin Irish</title>
<meta name="robots" content="index, follow, max-snippet:-1, max-image-preview:large, max-video-preview:-1" />
<link rel="canonical" href="https://www.follain.ie/ga/recipe/cheese-and-caramelised-red-onion-tart/" />
<meta property="og:locale" content="en_GB" />
<meta property="og:type" content="article" />
<meta property="og:title" content="Toirtín cáis agus Anlann Goinbhlasta Oinniún Dearg Caramal le Gearlóg Dubh Folláin. - Oideas | Folláin Irish" />
<meta property="og:url" content="https://www.follain.ie/ga/recipe/cheese-and-caramelised-red-onion-tart/" />
<meta property="og:site_name" content="Folláin Irish" />
<meta property="article:modified_time" content="2021-06-30T13:55:21+00:00" />
<meta name="twitter:card" content="summary_large_image" />
<!-- / Yoast SEO plugin. -->

Toirtín cáis agus Anlann Goinbhlasta Oinniún Dearg Caramal le Gearlóg Dubh Folláin. - Oideas | Folláin Irish

Folláin Irish

Príomchúrsa
